00 - -22122?
20122
In base 3, what is -12 + 212220211011?
212220210222
In base 3, what is -101 + -10112002112?
-10112002220
In base 9, what is 52644 - -3?
52647
In base 16, what is 1dfad - -2?
1dfaf
In base 8, what is 5654 - 23?
5631
In base 3, what is -2220012 - -2112?
-2210200
In base 15, what is 14 + 279?
28d
In base 13, what is a06a - 3?
a067
In base 12, what is 66a + -67?
603
In base 11, what is 4 + -459339?
-459335
In base 11, what is 48215 - 1?
48214
In base 11, what is 2116 + 4?
211a
In base 14, what is 1d68da - -3?
1d68dd
In base 12, what is -2a20 - -8?
-2a14
In base 2, what is -110 - -1010101011100?
1010101010110
In base 7, what is -4464 + 0?
-4464
In base 16, what is 1f1 - -47?
238
In base 13, what is -1 - 526b4?
-526b5
In base 8, what is 16 + 11165?
11203
In base 13, what is -22 - b733?
-b755
In base 6, what is 4020 - 2233?
1343
In base 15, what is -5 + 15d8c?
15d87
In base 7, what is -145344610 + 0?
-145344610
In base 16, what is -3345e9 + -2?
-3345eb
In base 4, what is 2332020 - 3?
2332011
In base 10, what is 3809 + -158?
3651
In base 9, what is 1853211 - 5?
1853205
In base 2, what is -10010 + 1000100011101?
1000100001011
In base 8, what is -10 - 15?
-25
In base 11, what is 4 + -84986?
-84982
In base 10, what is 30 - 1539?
-1509
In base 7, what is 364 - 1646?
-1252
In base 9, what is -60432 + -3?
-60435
In base 7, what is 112144 - -1?
112145
In base 10, what is -61368 - 3?
-61371
In base 10, what is -1 - -559?
558
In base 5, what is 2 + 1233044?
1233101
In base 13, what is -14 + 2573?
255c
In base 13, what is 48 - 107a7?
-1075c
In base 4, what is 2 + -1212101?
-1212033
In base 4, what is 3 + -20023200?
-20023131
In base 6, what is 1121 - 1043?
34
In base 13, what is 258239 + 1?
25823a
In base 10, what is -221 + -311?
-532
In base 6, what is -5 + 5301234?
5301225
In base 13, what is -32 - 9605?
-9637
In base 8, what is -3 + -1376?
-1401
In base 6, what is -1445 - 112?
-2001
In base 9, what is -5 - -52778?
52773
In base 3, what is 21 + -220102212002?
-220102211211
In base 8, what is 1 - 1325?
-1324
In base 15, what is 1eb286 + -3?
1eb283
In base 9, what is -5 + 1344758?
1344753
In base 5, what is 2 - 1324011?
-1324004
In base 12, what is 109 - -905?
a12
In base 13, what is 24 + 223bc?
22413
In base 13, what is -2c - -137b9?
1378a
In base 2, what is -1 - -1111110101010?
1111110101001
In base 11, what is -173638 - -12?
-173626
In base 14, what is -156 - 10b?
-263
In base 8, what is -2 - 1124062?
-1124064
In base 13, what is 1b54 - 40?
1b14
In base 12, what is -16 - 392?
-3a8
In base 5, what is -3422 + 131?
-3241
In base 2, what is -10000 + -1011101000?
-1011111000
In base 2, what is 10000100100000111110 + 1?
10000100100000111111
In base 4, what is -3002233 + -13102?
-3022001
In base 7, what is 132045 + 4?
132052
In base 10, what is -1758 + -2301?
-4059
In base 16, what is fd - 1?
fc
In base 3, what is -1111020001 - -11?
-1111012220
In base 8, what is -1006 - 21531?
-22537
In base 2, what is 11010 + 100110101011?
100111000101
In base 4, what is -2231322 + 103?
-2231213
In base 9, what is 6 - 14248?
-14242
In base 16, what is 2 - -9900e?
99010
In base 11, what is -5 - -2487?
2482
In base 13, what is -231ac - -7?
-231a5
In base 13, what is 92 - -a25?
ab7
In base 14, what is 43 - -1dc?
241
In base 12, what is 0 + 8673?
8673
In base 4, what is 203 - -1022123?
1022332
In base 10, what is 9272 + -82?
9190
In base 3, what is -11 + 21002012?
21002001
In base 7, what is 0 - -4144612?
4144612
In base 13, what is -287 - -48?
-23c
In base 4, what is -132321 + 0?
-132321
In base 6, what is -15 + -1133504?
-1133523
In base 9, what is -2727 + 25?
-2702
In base 12, what is 92038 + -5?
92033
In base 16, what is b - 3c3b?
-3c30
In base 11, what is -1 - 6269?
-626a
In base 4, what is 11 - -11322030?
11322101
In base 16, what is -1e + 1080?
1062
In base 4, what is -12 - -1302?
1230
In base 16, what is 58 + 108a2?
108fa
In base 3, what is -10 + 121022012?
121022002
In base 12, what is 1778 - 1?
1777
In base 13, what is -22bc + -310?
-25cc
In base 4, what is -30021 - 2332?
-33013
In base 10, what is -69217 - 30?
-69247
In base 5, what is -134333 - 4?
-134342
In base 14, what is -36a01 + -1a?
-36a1b
In base 14, what is -1 - 22ba54?
-22ba55
In base 16, what is 1965 + -28?
193d
In base 5, what is 10114002 + 1?
10114003
In base 9, what is -3708 + 21?
-3677
In base 15, what is 1590 - -c?
159c
In base 4, what is -1123111 - 32?
-1123203
In base 4, what is -211131222 - 2?
-211131230
In base 14, what is -215a - -5?
-2155
In base 6, what is 2242 + 415?
3101
In base 3, what is 102211 - 11100202?
-10220221
In base 8, what is -44 + 1236?
1172
In base 10, what is -18 - 19191?
-19209
In base 14, what is -468 - -52?
-416
In base 10, what is 70392 - 20?
70372
In base 8, what is -357455 - 3?
-357460
In base 2, what is 11000111 + 0?
11000111
In base 13, what is 39 + -266?
-22a
In base 3, what is 10111 + -12211101?
-12200220
In base 12, what is 24831 - -13?
24844
In base 12, what is -1 + -447476?
-447477
In base 14, what is -1011 + -457?
-1468
In base 9, what is 1186538 + 0?
1186538
In base 9, what is -2 - 18752?
-18754
In base 4, what is 11 + -22212?
-22201
In base 16, what is -5 + -71d7?
-71dc
In base 11, what is -3344164 + 3?
-3344161
In base 16, what is -34c - -1033?
ce7
In base 12, what is 22b9 - 5?
22b4
In base 3, what is -12012222202202 - 2?
-12012222202211
In base 15, what is -245c - -3?
-2459
In base 5, what is 112 - 2204103?
-2203441
In base 16, what is -29 + 5c55?
5c2c
In base 13, what is -b - -29ab?
29a0
In base 14, what is 1739 + -77?
16a2
In base 7, what is -4 + 10002432?
10002425
In base 2, what is 101 + 10010101001100011100?
10010101001100100001
In base 10, what is -8 + 21949?
21941
In base 12, what is 68b6 + 13?
6909
In base 2, what is 100010 + -100110100011?
-100110000001
In base 15, what is -1ed5 + -3?
-1ed8
In base 14, what is 7b1d7 + -3?
7b1d4
In base 3, what is -200 + 1221?
1021
In base 16, what is -16 - -b14?
afe
In base 3, what is -1010201 - 1002120?
-2020021
In base 8, what is -104 - -27534?
27430
In base 5, what is -3043 + -201100?
-204143
In base 5, what is 231 + 1421324?
1422110
In base 6, what is 13214 + -23?
13151
In base 9, what is -42582 + 5?
-42576
In base 13, what is -18 + -b86?
-ba1
In base 15, what is -1 + -3a05c?
-3a05d
In base 10, what is 1842897 + -5?
1842892
In base 15, what is -b403 + -1?
-b404
In base 15, what is -3 + -106e5?
-106e8
In base 3, what is -12 + 21021200001?
21021122212
In base 16, what is 688 - 23?
665
In base 9, what is 7 + -88010?
-88002
In base 12, what is 60513 - 2?
60511
In base 9, what is 5322457 + -3?
5322454
In base 10, what is -3 - 54194?
-54197
In base 2, what is 1010101111010 - -11111111?
1011001111001
In base 16, what is 691 + -25?
66c
In base 2, what is -1100 - -1011100001101011?
1011100001011111
In base 12, what is -63a63 - 4?
-63a67
In base 15, what is -2a - 2536?
-2561
In base 13, what is 51732 - -14?
51746
In base 6, what is -30344 + -13?
-30401
In base 16, what is 5 + -785?
-780
In base 2, what is 101111111101000 + 1000?
101111111110000
In base 7, what is -233 - -314?
51
In base 4, what is -1312332310 - 10?
-1312332320
In base 10, what is 827 + -9?
818
In base 10, what is -6923 + -34?
-6957
In base 13, what is 2 - -32186b?
321870
In base 7, what is 104000 - 116?
103551
In base 4, what is -211113333 - -11?
-211113322
In base 12, what is -9 + 6a984?
6a977
In base 8, what is 4 - 353711?
-353705
In base 13, what is -28 - -18b17?
18abc
In base 10, what is 52301 - -3?
52304
In base 14, what is -3cab - 6?
-3cb3
In base 2, what is 100100110001001001 - 1000?
100100110001000001
In base 6, what is -11154 + 21?
-11133
In base 13, what is -2 - -14460?
1445b
In base 16, what is 14f0de - 4?
14f0da
In base 12, what is 10a19 - -22?
10a3b
In base 12, what is -3b2 + 109?
-2a5
In base 6, what is -10153000 - 2?
-10153002
In base 7, what is -10526 + -42?
-10601
In base 16, what is b20 - -6?
b26
In base 5, what is -231304 - 40?
-231344
In base 9, what is 17 + 50?
67
In base 3, what is -1 - 1221201121?
-1221201122
In base 11, what is 60 - 8107?
-8057
In base 4, what is 0 - -1032211010?
1032211010
In base 6, what is -5124 + 2003?
-3121
In base 9, what is -2771 - 7?
-2778
In base 2, what is 101 - 1001000011110101100?
-100100